{"id":3215,"date":"2015-06-05T17:17:02","date_gmt":"2015-06-05T15:17:02","guid":{"rendered":"http:\/\/www.rosammasana.com\/wp-content\/uploads\/2015\/06\/img235-copia.jpg"},"modified":"2015-06-05T17:17:02","modified_gmt":"2015-06-05T15:17:02","slug":"img235-copia","status":"inherit","type":"attachment","link":"https:\/\/www.rosammasana.com\/?attachment_id=3215#main","title":{"rendered":"img235 copia"},"author":3,"featured_media":0,"comment_status":"open","ping_status":"open","template":"","meta":[],"class_list":["post-3215","attachment","type-attachment","status-inherit","hentry"],"description":{"rendered":"<p class=\"attachment\"><a href='https:\/\/www.rosammasana.com\/wp-content\/uploads\/2015\/06\/img235-copia.jpg'><img loading=\"lazy\" decoding=\"async\" width=\"300\" height=\"208\" src=\"https:\/\/www.rosammasana.com\/wp-content\/uploads\/2015\/06\/img235-copia-300x208.jpg\" class=\"attachment-medium size-medium\" alt=\"\" srcset=\"https:\/\/www.rosammasana.com\/wp-content\/uploads\/2015\/06\/img235-copia-300x208.jpg 300w, https:\/\/www.rosammasana.com\/wp-content\/uploads\/2015\/06\/img235-copia-650x450.jpg 650w, https:\/\/www.rosammasana.com\/wp-content\/uploads\/2015\/06\/img235-copia.jpg 1821w\" sizes=\"(max-width: 300px) 100vw, 300px\" \/><\/a><\/p>\n"},"caption":{"rendered":"<p>Comen\u00e7ant per la dreta a la fila de dalt, la tercera persona \u00e9s Paquita Masdeu el dia del seu casament, la sisena \u00e9s la tia Teresa Masana i, assegudes, la primera a la dreta \u00e9s l\u2019Ama.(imatge lliurada per Anna Masdeu).<\/p>\n"},"alt_text":"","media_type":"image","mime_type":"image\/jpeg","media_details":{"width":"1821","height":"1263","hwstring_small":"height='88' width='128'","file":"2015\/06\/img235-copia.jpg","sizes":{"thumbnail":{"file":"img235-copia-150x150.jpg","width":"150","height":"150","source_url":"https:\/\/www.rosammasana.com\/wp-content\/uploads\/2015\/06\/img235-copia-150x150.jpg"},"medium":{"file":"img235-copia-300x208.jpg","width":"300","height":"208","source_url":"https:\/\/www.rosammasana.com\/wp-content\/uploads\/2015\/06\/img235-copia-300x208.jpg"},"large":{"file":"img235-copia-650x450.jpg","width":"650","height":"450","source_url":"https:\/\/www.rosammasana.com\/wp-content\/uploads\/2015\/06\/img235-copia-650x450.jpg"},"post-thumbnail":{"file":"img235-copia-300x225.jpg","width":"300","height":"225","source_url":"https:\/\/www.rosammasana.com\/wp-content\/uploads\/2015\/06\/img235-copia-300x225.jpg"},"full":{"file":"img235-copia.jpg","width":1821,"height":1263,"mime_type":"image\/jpeg","source_url":"https:\/\/www.rosammasana.com\/wp-content\/uploads\/2015\/06\/img235-copia.jpg"}},"image_meta":{"aperture":"0","credit":"","camera":"","caption":"","created_timestamp":"0","copyright":"","focal_length":"0","iso":"0","shutter_speed":"0","title":""}},"post":3200,"source_url":"https:\/\/www.rosammasana.com\/wp-content\/uploads\/2015\/06\/img235-copia.jpg","_links":{"self":[{"href":"https:\/\/www.rosammasana.com\/index.php?rest_route=\/wp\/v2\/media\/3215"}],"collection":[{"href":"https:\/\/www.rosammasana.com\/index.php?rest_route=\/wp\/v2\/media"}],"about":[{"href":"https:\/\/www.rosammasana.com\/index.php?rest_route=\/wp\/v2\/types\/attachment"}],"author":[{"embeddable":true,"href":"https:\/\/www.rosammasana.com\/index.php?rest_route=\/wp\/v2\/users\/3"}],"replies":[{"embeddable":true,"href":"https:\/\/www.rosammasana.com\/index.php?rest_route=%2Fwp%2Fv2%2Fcomments&post=3215"}]}}

<p>Començant per la dreta a la fila de dalt, la tercera persona és Paquita Masdeu el dia del seu casament, la sisena és la tia Teresa Masana i, assegudes, la primera a la dreta és l’Ama.(imatge lliurada per Anna Masdeu).</p>
